rmine p(r).
-5
Let z be (-2592)/(-90) - 1/(-5) - 1. Suppose 3*u + w = -16, 16*w + z = -4*u + 18*w. Let b(r) = -r - 9. Calculate b(u).
-3
Let k(u) = -4*u**3 + 8*u**2 + 8*u - 1. Let q(r) = -7*r**3 + 17*r**2 + 17*r. Let f = -476 - -481. Let t(i) = f*k(i) - 3*q(i). Determine t(12).
7
Let u(o) = 2*o**2 - 2*o - 4. Let w(i) = -6*i**3 + i. Suppose 0 = -3*h + 10*h + 7. Let z be w(h). Suppose 2*g - 8 = 5*l + 13, -4*g + 27 = -z*l. Calculate u(g).
8
Let x(g) be the second derivative of g**4/24 - 2*g**3/3 + 35*g**2/2 + 26*g. Let i(l) be the first derivative of x(l). Determine i(0).
-4
Let k = 1 + -5. Let y(x) be the second derivative of -x**5/20 - x**4/2 - 5*x**3/3 - 5*x**2/2 + 20196*x - 2. Calculate y(k).
3
Let c(o) = -o**2 + 16*o - 29. Suppose -20*s = 3*v - 23*s, 0 = -5*s + 10. Determine c(v).
-1
Let j(v) be the first derivative of v**3/6 + v**2/2 - 7*v - 103. Let y(t) be the first derivative of j(t). Let s(i) = 2*i + 2. Let k be s(-5). What is y(k)?
-7
Let n(p) = 10*p**2 - 5*p - 4. Let o(v) = 8*v**2 - 6*v - 5. Suppose 19 = -3*h + 31. Let m(z) = h*n(z) - 3*o(z). Determine m(-1).
17
Let q(p) be the third derivative of -67*p**2 + 0 + 1/30*p**6 + 0*p + 1/12*p**4 + 1/20*p**5 - 1/6*p**3. Suppose 3 = -3*x - 3. What is q(x)?
-25
Let c = -134 + 154. Suppose -c = 9*z - 19*z. Let j(n) be the first derivative of n**2/2 - 2. Give j(z).
2
Let x = -55 - -47. Let k = -80 - -131. Let y(h) = 7*h + h**2 + 24 - k + 24. Give y(x).
5
Let n(v) = -v**2 - 2*v - 1. Let p = -3577 - -3576. Suppose l + 5*m + 18 = -3*l, 10 = -3*l - 2*m. Let q be (p - l)/(0 - (3 + -2)). Give n(q).
0
Suppose -3*u - 6 = -18. Suppose 4*q = -8 - u. Let z(m) = -m - 2. Let f(s) = -5*s - 13. Let v(n) = -2*f(n) + 14*z(n). Give v(q).
10
Let r(x) be the first derivative of 1/3*x**3 + 4*x + 4*x**2 - 18. Calculate r(-8).
4
Let n(q) be the first derivative of -q**3/3 - 7*q**2 - 21*q + 46. Determine n(-11).
12
Suppose 0 = 12*t - 9*t - 21. Suppose -3*s + 90 = t*s. Let q(y) = -y**2 + 4*y - s*y + 2 + 2*y + 4. What is q(-5)?
-4
Let k be (-4)/10 + 2/5. Suppose 4*w = -6*w + 320. Let n(c) = 13*c - w*c + c**3 - 18 + c**2 + 18*c. Calculate n(k).
-18
Let g = -8 - -14. Let u(q) = -q**2 + 8*q - 5. Let c(k) = k**2 - 9*k + 6. Let x be (-6)/(0 + (-4)/(-2)). Let o(p) = x*c(p) - 4*u(p). What is o(g)?
8
Suppose -3*w + 2*t = 117 - 145, 4*t + 20 = 3*w. Let v(m) = 5*m - 74. Determine v(w).
-14
Let h(r) be the third derivative of r**7/1260 - r**6/720 + r**5/60 + 7*r**4/24 - r**3/6 - 21*r**2. Let a(p) be the second derivative of h(p). What is a(4)?
30
Let c(l) = l**2 - 3*l - 122. Let z be c(-10). Let u(i) = z + 1 - 10 - 4*i. Give u(1).
-5
Suppose -3*r = 2*k + 77, -k + r - 22 = 19. Suppose 5*c - 180 = c. Let b = k + c. Let m(u) = u**3 - 4*u**2 - u - 3. What is m(b)?
17
Let s(o) = o**3 - 6*o**2 - 1. Suppose -4*t = 4*n + 220, -5*t = 3*n + 196 + 77. Let k = 30 + t. Let b be (-2)/((-8)/18)*k/(-18). What is s(b)?
-1
Let d(v) be the first derivative of -v**2 + 90. Suppose 4*p + 8 = -y - 3, 3*p + 6 = -3*y. What is d(p)?
6
Let x(z) = z + 7. Suppose 3*t = -0*t - 12, -195 = 5*k - 5*t. Let v = 82 + k. Let o be 22/(-10) + 2 + v/(-5). Determine x(o).
-1
Let j(x) = -76*x - 57. Let s(a) = -59*a - 56. Let m(v) = 3*j(v) - 4*s(v). Determine m(-6).
5
Let d = -191 + 198. Let k(n) = 2 - 2 + n + 3 - d. Give k(6).
2
Let w(s) = 11*s**2 + 7*s - 11. Let c(k) = -6*k**2 - 3*k + 5. Let l(r) = -7*c(r) - 3*w(r). Let j = 5038 - 5036. Determine l(j).
34
Let c(g) be the first derivative of -7*g - 153 + 2*g**2 + 1/3*g**3. What is c(-6)?
5
Let r be 8568/(-1071) - (-16 - -1). Let d(n) = 4*n + 20. Let u(f) = -3*f - 13. Let l(w) = 5*d(w) + 7*u(w). Determine l(r).
2
Let g(d) = -d - 3. Let v be g(-3). Suppose -5*j = 3 - 23. Let z(u) = -u**3 - 15 + 3*u + 33 - j*u. Calculate z(v).
18
Let r(b) be the second derivative of -b**3/6 + 3*b**2 + 5*b. Let f(h) = -77*h - 3996. Let c be f(-52). Calculate r(c).
-2
Let p(y) = 3*y - 2. Let b be -8 - (0 - 9 - -8). Let j(l) = 0*l - 1 + 0 + 2*l. Let i(w) = b*j(w) + 5*p(w). Determine i(-3).
-6
Let y(g) = -g**3 - 19*g**2 + 22*g + 24. Suppose 0 = 2*j - 180 + 190, 95 = -5*d + j. Determine y(d).
-16
Let q = -323 - -707. Let w(c) = 190 - c**2 - 4*c - q + 189. Determine w(-7).
-26
Suppose 5*i - 7*i + 8 = 0. Let d(j) = -10*j**2 - 2*j**3 + 3*j**3 + j**2 + 5*j**2 - j**2 + 5*j. What is d(i)?
4
Let l(u) be the first derivative of u**3/3 + 8*u**2 + 51*u + 1652. Determine l(-6).
-9
Let t be 1/3*3*(0 + -4). Suppose 83 = 2*p + 75. Let d(c) = 2*c - 4. Let j(v) = v - 2. Let w(m) = p*d(m) - 7*j(m). Give w(t).
-6
Let d(m) = -m**2 - m - 1. Let r(a) = -9*a**2 - 3*a + a**3 - 4*a + 6*a - 4. Let u(x) = -4*d(x) + r(x). Let z = -7 + 10. Determine u(z).
-9
Let y(q) be the second derivative of q**6/360 + 3*q**5/40 + q**4/24 + 10*q**3/3 + 13*q + 1. Let d(i) be the second derivative of y(i). Give d(-9).
1
Let u(v) = v**3 - 14*v**2 + 14*v + 3. Let y = -2893 + 2906. Calculate u(y).
16
Let w = -21 - 13. Let y be (w/(-3) - 0) + 3/(-9). Suppose -y*q = -6*q - 15. Let c(v) = 4*v - 4. What is c(q)?
8
Let f(l) = 6*l**2 - 5*l**2 + 3 + 8*l + 1. Let i be (45/27)/(12 + (-740)/60). Determine f(i).
-11
Let b = -12952 - -12947. Let m(j) = j**3 + 5*j**2 + 14*j - 9. What is m(b)?
-79
Suppose 10 = -2*o + 4*o. Let r = 88 - 85. Let d(w) = w**3 + 4*w - o*w**2 - 4 - r + 4 - 12*w. Determine d(6).
-15
Let b(l) = 9*l**2 + 25*l + 16. Let o(f) = -14*f**2 - 37*f - 28. Let k(w) = -8*b(w) - 5*o(w). What is k(-9)?
-15
Let t(i) = -i**2 - 4*i - 35. Suppose -8*w + 136*w = -15*w. Calculate t(w).
-35
Let z be 108/(-16) - -7 - 142/(-8). Suppose 27 = 5*u - z. Suppose 0 = u*i + 3*i + 84. Let w(h) = -h**3 - 8*h**2 - 7*h + 2. Give w(i).
2
Let g(o) = -o**2 + 11*o - 6. Let y(w) = 39*w + 61. Let h be y(-12). Let f = h + 416. Give g(f).
12
Let o(u) = -37*u. Suppose -1 = -f - 4*b, 0 = 18*b - 22*b. Determine o(f).
-37
Let s = 1637 - 1071. Let b = 345 + -340. Let w(d) = b + s*d + 1 + 7 - 568*d. What is w(10)?
-7
Suppose -4*j + 8 = 0, 0*j = 3*x + 5*j - 16. Let k(w) = -12*w + 16. Calculate k(x).
-8
Let h(p) = p**2 - 21*p + 15. Suppose 39 - 1419 = -10*r. Let d = 158 - r. What is h(d)?
-5
Let q(j) be the first derivative of -j**5/120 - j**4/8 + j**3/3 - 8. Let z(m) be the third derivative of q(m). Let k be (18/(-15))/(1/5). Determine z(k).
3
Let q(p) = -101*p + 607. Suppose 5*x + 3*c = -32 + 86, -3*x - 4*c + 50 = 0. What is q(x)?
1
Let o(u) = 5*u**2 + 7*u + 27. Let g(h) = -h**2 + 1. Let t(c) = -4*g(c) - o(c). Let z(x) be the first derivative of t(x). Calculate z(-7).
7
Let z(s) = s**3 + 7*s**2 + 3*s + 13. Suppose -97*g + 92*g = 35. Determine z(g).
-8
Let p(r) = -46*r**3 + 17*r**2 - 14*r + 12. Let n(x) = 107*x**3 - 35*x**2 + 28*x - 26. Let y(h) = 3*n(h) + 7*p(h). What is y(13)?
-7
Let y(m) be the third derivative of m**4/6 - 10*m**3/3 - 32*m**2. What is y(7)?
8
Let l = 6224 + -6207. Let d(f) = -f**3 + 17*f**2 + 3*f + 21. What is d(l)?
72
Let q(n) = 11*n**2 - 1. Let x(g) = -g**2 + 10*g + 29. Let o be x(14). Let b = -22 - o. Suppose b*m + p - 9 = 0, -5*m - 2*p = p - 17. Give q(m).
10
Let f(s) = -s + 3. Suppose -2*o + 34 = 2*y, 2*y - 89 = -3*y - 3*o. Let b = -9 - y. Let n = b + 31. Give f(n).
0
Let x(p) = 4*p - 14. Let r be -76 - -77 - -7*(3 - 2). Determine x(r).
18
Let p be 2 - (4 - (2 + 2)). Let k(f) = 2*f - 2*f + 533*f**2 + 3 - 268*f**2 - 266*f**2. Determine k(p).
-1
Suppose -4*q + 17 = 3*s, 6*s - 8*q = -5*q + 45. Let y(r) = -r**3 + 6*r**2 - 8. Determine y(s).
-57
Let g(h) = 2*h**3 - 3*h**2 - h + 2. Suppose -m - 2 = 0, 0 = o - 2*m + 4*m + 4. Let y = -61 + o. Let f = -59 - y. What is g(f)?
4
Let p = 50807 - 50813. Let a(t) be the first derivative of -t**2 - 8*t + 2. What is a(p)?
4
Suppose 2*d = 0, -y - 5*d - 2420 = 3*y. Let w = -597 - y. Let v(j) = -j**3 + 9*j**2 - 5*j + 6. What is v(w)?
30
Let h = -19 - -45. Let x = h - 25. Let f(r) = 6*r**2 + 0*r**3 + 2*r**3 - x + 3*r + 0 - r**3. Determine f(-6).
-19
Let r(s) be the second derivative of 6*s + 0*s**2 + 1/6*s**4 - 1/6*s**3 + 4. Calculate r(1).
1
Let s(t) = 3*t**2 - 6 - 23*t - 10 + 7*t + t**3 + 16. What is s(-5)?
30
Let b be -1*(1/4 + (-5)/20). Let p(f) = -4*f - 3. Let h be p(b). Let i(s) = -s**3 - 5*s**2 + 3*s + 3. What is i(h)?
-24
Let v(y) = 7*y**2 - y - 2. Let g(x) = -102*x**2 + 14*x + 27. Let i(o) = 2*g(o) + 29*v(o). Let q = -1 - -1. Determine i(q).
-4
Let w(d) be the t